9*t + 28. Let m be b(-24). Suppose -6*q - m + 796 = 0. List the prime factors of q.
2, 3
Let h(b) = 17*b - 167. Let m be h(11). Suppose 18*n = m*n + 3*f - 2051, -2*f + 1023 = n. List the prime factors of n.
1033
List the prime factors of -49 + 6676 + (8 - 2) - -1.
2, 31, 107
Suppose 4*s + 3*i - 124 = 822, -5*s = i - 1177. Suppose 1310 = 5*u - s. What are the prime factors of u?
3, 103
Let r(z) = -25*z**2 - 31*z + 11. Let m(p) = -46*p**2 - 61*p + 18. Let v(h) = 7*m(h) - 13*r(h). Suppose 48 = 3*o + 12. List the prime factors of v(o).
127
List the prime factors of (140/(-56))/((-5)/12068).
2, 7, 431
Let i(p) = -p**3 - 8*p**2 - 6*p + 8. Let g be i(-7). Let j(b) = b**2 - 2*b + 3. Let x be j(g). Let o(z) = 14*z**2 + 3*z - 1. What are the prime factors of o(x)?
61
Let a be (14 - 307) + 1 + 1. Let l = a + 646. List the prime factors of l.
5, 71
Let t(a) = -115*a + 19. Let j be t(2). Let b = j + 268. List the prime factors of b.
3, 19
Suppose -w - 2913 = 4*g - 13316, -2*w + g + 20851 = 0. List the prime factors of w.
7, 1489
Let w = -438 + 615. Suppose w*d = 182*d - 1380. What are the prime factors of d?
2, 3, 23
List the prime factors of ((-7843)/33)/(-23)*1590.
2, 5, 31, 53
Let a be 18587 + (-6)/24*-28. Suppose 27*c = a + 23931. List the prime factors of c.
3, 5, 7
Let h(s) = -2136*s**3 + 41*s + 92. What are the prime factors of h(-2)?
2, 83, 103
Let x(m) = -m**3 - m**2 + 2*m - 406. Let o be x(0). Suppose 2*b = -3*b + 40. What are the prime factors of (0 - o/b) + 15/(-20)?
2, 5
What are the prime factors of (-685680)/(-52) + 146/(-949)?
2, 19, 347
Let b(a) = 260*a - 68. Suppose 3*x = j - 8, 5*x + 1 = -2*j - 5. List the prime factors of b(j).
2, 113
Let u = -2000 - -3199. What are the prime factors of u?
11, 109
Suppose 62*v - 30*v = 359264. List the prime factors of v.
103, 109
Let g(y) be the first derivative of -2*y**3/3 - y**2/2 + 2*y + 15. Let m be g(-2). Let b(t) = -t**3 + 2*t**2 + 13. What are the prime factors of b(m)?
109
Let v = 34349 - 14348. List the prime factors of v.
3, 59, 113
Let j be (-45)/(((-3)/2)/1). Suppose 403 = 4*o + 3*p, -p = -2*p + 1. Suppose q + a - o = 0, -3*q = a - 338 + j. List the prime factors of q.
2, 13
Let j(c) = c - 1. Let l be j(2). Let m(x) be the first derivative of 69*x**2 - x + 24. List the prime factors of m(l).
137
What are the prime factors of 60/(-110) + (-862800)/(-88)?
2, 3, 19, 43
Let h = 109964 - 53218. What are the prime factors of h?
2, 17, 1669
Suppose 29*m + 44704 - 56545 = 146528. List the prime factors of m.
43, 127
Let a be (6/(-4))/3 - (-91)/26. Let c be 4/(-22) + a/((-66)/(-136)). List the prime factors of 154 - ((-8)/c - 3/(-9)).
5, 31
Let z(a) = 38*a + 49. Let u be z(-3). Suppose -20 = -5*s, 8*s - 3*s = 2*t - 220. Let o = t + u. What are the prime factors of o?
5, 11
Let x(b) = b**2 + 14*b - 64. Let w be x(4). Let u(k) = -2*k**3 - 3*k**2 + 8*k + 3. Let y be u(-5). Suppose w*r - 6*r - y = 0. What are the prime factors of r?
3, 23
Let v = -11134 + 17234. List the prime factors of v.
2, 5, 61
Suppose -29195 = -7*z + 3281 - 6226. List the prime factors of z.
2, 3, 5
Let f = -9596 - -15165. What are the prime factors of f?
5569
Let p be 46/4 - (-57)/38. Suppose 10*a + p = 11*a. Let l(f) = 16*f - 27. What are the prime factors of l(a)?
181
Let x = -166 + 186. Suppose -x = 4*j, 3*i - 2*j = 6*i - 1931. List the prime factors of i.
647
Suppose 5*n + 584 = -381. Suppose -1727 - 1861 = 78*g. Let d = g - n. List the prime factors of d.
3, 7
Let u = 185624 - 128373. What are the prime factors of u?
57251
Suppose 8*t - 19533 = 25*t. Let v = t + 1838. What are the prime factors of v?
13, 53
Let f = -9607 - -19259. What are the prime factors of f/18 - 92/414?
2, 67
Let t be (3 + 0 + -5)*248/(-16). Suppose -2*x = 2*k - 390, 0 = -36*k + t*k. List the prime factors of x.
3, 5, 13
Suppose -15*p - 328 - 392 = 0. Let y(b) = -5*b**3 + 3*b + 1. Let s be y(-3). Let j = p + s. List the prime factors of j.
79
What are the prime factors of (-1189870)/(-50) + 18/5?
23801
Suppose -16*r = 21657 + 18919. Let q = -1543 - r. List the prime factors of q.
3, 331
Let h be (-2 - (2 - 3)) + 65. Let b = -63 + h. What are the prime factors of ((-265)/(-5))/(b/3)?
3, 53
Suppose -8*u + 3*a = -13*u + 67034, -2*u = 4*a - 26808. List the prime factors of u.
2, 419
Suppose -4*o - 898 = 2*t, 5*t = -7 - 18. Let j = 28 + o. Let v = -21 - j. List the prime factors of v.
173
Let y = -2269 + 3237. Suppose 4*q + 120 = y. Suppose -9*m = -13*m + q. List the prime factors of m.
53
Suppose -271*g = -293*g + 93544. List the prime factors of g.
2, 1063
Let r = -440 + 458. Suppose -4*z = -r*z + 7882. What are the prime factors of z?
563
List the prime factors of (-6537)/2*(6 + 23/((-759)/374)).
2, 2179
Suppose -5*s + 3*x = -4779, 9*s - 1908 = 7*s + 3*x. List the prime factors of s/4 + (-16)/64.
239
Let p = 9931 - 2536. List the prime factors of p.
3, 5, 17, 29
Let s = 57315 + -40190. What are the prime factors of s?
5, 137
Let v = 220 + -535. Let p = 502 + v. List the prime factors of p.
11, 17
Let b = -48 + 55. Suppose f - b = -z, 7 + 8 = 3*f. Suppose -z*d = -0*d - 458. List the prime factors of d.
229
Suppose 70*o = 75*o - 40590. What are the prime factors of o?
2, 3, 11, 41
Let i(v) = -211*v + 794. What are the prime factors of i(-33)?
7757
Suppose 220*o - 216*o - 13100 = 0. Suppose -6*l + 10091 = o. What are the prime factors of l?
2, 71
Let g(b) = -b**3 + 2*b**2 + 16. Let t(p) = -2*p + 25. Let a(w) = -w + 13. Let y(m) = 5*a(m) - 3*t(m). Let q be y(10). What are the prime factors of g(q)?
2
Suppose 5*j - 5*c + 8*c = 20470, 5*c = 0. What are the prime factors of j?
2, 23, 89
Suppose 43*m - 203298 = 12*m. List the prime factors of m.
2, 3, 1093
Let b(f) = -176 - 3*f + 22*f + 0*f + 8*f. What are the prime factors of b(7)?
13
Let b(j) = 45*j**2 + 2936*j - 43. What are the prime factors of b(-66)?
31, 71
Let w = 20 + -9. Suppose -3*q = -3*c, -9 = -5*q + w. Suppose t + r - 80 = -7, 0 = -c*t + r + 287. List the prime factors of t.
2, 3
Suppose 737*c - 704*c = 145575 + 87372. What are the prime factors of c?
3, 13, 181
Suppose 243525 = -39*d + 56*d. What are the prime factors of d?
3, 5, 191
Suppose 11 = -15*m + 4*m. What are the prime factors of (-1 + -1)/(2/127*m)?
127
What are the prime factors of 229592/(-4)*(-38 - -37)?
2, 11, 2609
Let n be -127 - ((-16)/(-4))/(-2). Let a = n - -301. Let u = a - 122. List the prime factors of u.
2, 3
Suppose 0*o - 2*o = 2*d + 550, -3*o - 3 = 0. Let u = 153 - d. What are the prime factors of u?
7, 61
Let h(t) = -1723*t - 71. List the prime factors of h(-7).
2, 5, 11, 109
Suppose 9*o - 322 = -376. What are the prime factors of (-4823)/o - 1*2/(-12)?
2, 3, 67
Suppose -2*r + 5*i = 16, 4*i - 22 = -6. Suppose -4*g + 1054 = r*q, -17*g = -15*g + 4. What are the prime factors of q?
3, 59
Suppose 4*b + 3188 = -4*r, -3*r + 0*b = -b + 2399. Let v = -340 - r. List the prime factors of v.
3, 17
Let t(g) = 13*g**2 + 12*g - 9. Let r = -24 + 27. Let n be -5 + r/6*18. What are the prime factors of t(n)?
13, 19
Let l be (-1*6/(-1))/(93/62). Suppose 2119 + 253 = l*w + 4*d, 3*d = -5*w + 2971. List the prime factors of w.
2, 149
List the prime factors of 3*(-1)/(-1) + -11 + 6077.
3, 7, 17
Let s = -9606 + 13737. What are the prime factors of s?
3, 17
Let q be (0*8/(-32))/3 + 382. Let n = 116 + 51. Suppose -4*w + q + n = -f, 3*f = -2*w + 271. List the prime factors of w.
137
Let h = 677 + -672. Let t(i) = 66*i**2 + 26*i - 122. What are the prime factors of t(h)?
2, 829
Suppose o = -x + 35461, -5*o = -10*x + 11*x - 35461. What are the prime factors of x?
35461
Suppose -8404 = -4*j + 4*v, 10 = -4*v + 6*v. What are the prime factors of j?
2, 3, 13
Let j be (0 - 2) + (-6)/3 + -8. List the prime factors of 1/((-16)/j) - (-7060)/16.
2, 13, 17
Suppose 5*v - 65*v = -12*v - 366624. List the prime factors of v.
2, 3, 19, 67
List the prime factors of (-3 + 5)*(-618)/2*6573/(-126).
103, 313
Let v(i) = 44*i - 38. Suppose 10*g + 2 - 132 = 0. List the prime factors of v(g).
2, 3, 89
Let s(i) = -2*i**3 - 69*i**2 - 38*i - 43. Let l be s(-34). Let a = 560 - l. List the prime factors of a.
467
Let f(n) = -28*n + 366. Let g(l) = l**3 - 5*l**2 - l + 5. Let q be g(4). What are the prime factors of f(q)?
2, 3, 131
What are the prime factors of (-4806 - 3)/(-3